001
In base 3, what is -20 - 220001211201?
-220001211221
In base 4, what is -1311 + -1332233?
-2000210
In base 13, what is -212 - 5?
-217
In base 6, what is -2 - 243532?
-243534
In base 8, what is -5 - 52641?
-52646
In base 10, what is -8179 + -26?
-8205
In base 8, what is -163747 - 4?
-163753
In base 7, what is -1006611 - -21?
-1006560
In base 15, what is a88 - -14d?
bd6
In base 8, what is 106161 - 207?
105752
In base 16, what is 16 + 856?
86c
In base 16, what is -45c46 - 3?
-45c49
In base 10, what is -10 - -468?
458
In base 10, what is -25 - -107?
82
In base 10, what is 25755 + -52?
25703
In base 13, what is -15b74 + 4?
-15b70
In base 11, what is -35588 + 47?
-35541
In base 6, what is 212234 + 3?
212241
In base 4, what is 10213212 - 1?
10213211
In base 12, what is 5 + 11ba?
1203
In base 10, what is -111 + 51387?
51276
In base 10, what is 1336 - 1989?
-653
In base 16, what is -f7 - 558?
-64f
In base 8, what is 25 + 13235?
13262
In base 8, what is 2 - 1565014?
-1565012
In base 8, what is -17 - 71531?
-71550
In base 2, what is 10001011 - -101101111111?
110000001010
In base 16, what is -74aa + -3?
-74ad
In base 11, what is 20582 + -1?
20581
In base 13, what is 42394 + -23?
42371
In base 9, what is -3 - -387383?
387380
In base 13, what is -b7 + 35?
-82
In base 14, what is ca - -1c7?
2b3
In base 2, what is 111100100110 + -100110?
111100000000
In base 11, what is 120 - -209?
329
In base 5, what is -203440 - 1003?
-204443
In base 2, what is -11010101011 + 11010?
-11010010001
In base 14, what is 9 + -152b?
-1522
In base 9, what is 2128268 - 2?
2128266
In base 8, what is 1613741 + -3?
1613736
In base 2, what is 100 - 1110100100111100000?
-1110100100111011100
In base 8, what is 1046 - 5?
1041
In base 5, what is 300231 + -23?
300203
In base 8, what is 1473 + 0?
1473
In base 9, what is 247587 + -11?
247576
In base 4, what is -100022 + -2313?
-103001
In base 15, what is -1118 - 27c?
-1395
In base 6, what is 131 - 34344?
-34213
In base 11, what is -1 - -6a33?
6a32
In base 12, what is 0 + -886?
-886
In base 4, what is -102033300 - -3?
-102033231
In base 16, what is 7d48 + 2?
7d4a
In base 2, what is -1000011110 + -10?
-1000100000
In base 11, what is 1632 + 20?
1652
In base 12, what is b - -b13?
b22
In base 11, what is 62408 - -2?
6240a
In base 4, what is -11 + 11222013301?
11222013230
In base 4, what is 1000011230 - 20?
1000011210
In base 7, what is 42251 - 5?
42243
In base 12, what is 7 - -109b78?
109b83
In base 8, what is -6756 - 47?
-7025
In base 9, what is 1 - 13761?
-13760
In base 5, what is 132040 - -2244?
134334
In base 13, what is 7c7 - 20?
7a7
In base 5, what is -10 + -3322340?
-3322400
In base 11, what is -8a272 + -3?
-8a275
In base 9, what is -171315 - 10?
-171325
In base 9, what is 75 + 855?
1041
In base 15, what is -48 - 126e0?
-12738
In base 4, what is 0 + -20111010?
-20111010
In base 15, what is 143 + -21a4?
-2061
In base 15, what is 15a8 + -58?
1550
In base 16, what is -4 + -3e14?
-3e18
In base 9, what is 647 + -52?
585
In base 16, what is 2f8a3 + 2?
2f8a5
In base 2, what is 101110111111101111100 + 11?
101110111111101111111
In base 12, what is 4002b - 31?
3bbba
In base 16, what is -a9f - -27?
-a78
In base 9, what is -44300 + -5?
-44305
In base 5, what is -10 - 1041132?
-1041142
In base 9, what is 43 - -2774?
2827
In base 5, what is 431 + 1333?
2314
In base 13, what is -3 - 276b3?
-276b6
In base 11, what is -1 + 8241?
8240
In base 3, what is -102222 - 21102?
-201101
In base 4, what is -300 + -33022?
-33322
In base 6, what is -3 + 1333032?
1333025
In base 5, what is -10001 + 20014?
10013
In base 3, what is -2212 + -21001?
-100220
In base 12, what is -468 - 6b?
-517
In base 9, what is 3 - -2815311?
2815314
In base 7, what is 31515230 - -3?
31515233
In base 2, what is 11101001 + 1?
11101010
In base 16, what is 8fc + 64?
960
In base 10, what is 20723 - -2?
20725
In base 4, what is 11210 - -330?
12200
In base 13, what is 104 + 48?
14c
In base 9, what is 4831 - 16?
4814
In base 9, what is -14682 + 31?
-14651
In base 5, what is -3 - -242200?
242142
In base 16, what is 4 - -9ad3?
9ad7
In base 11, what is 6255a - 1?
62559
In base 16, what is -7a6 - 8?
-7ae
In base 2, what is 11 + 1101101100101?
1101101101000
In base 6, what is -21 + 2022444?
2022423
In base 9, what is 16 - 632?
-615
In base 15, what is -15e - -3a9a?
393b
In base 15, what is 2 + 205c?
205e
In base 3, what is -10012001 - 20100?
-10102101
In base 9, what is -14 + -171020?
-171034
In base 14, what is 198 + 5803?
599b
In base 11, what is 6 + -282480?
-282475
In base 10, what is -21237 - -8?
-21229
In base 8, what is -33160 + 7?
-33151
In base 16, what is -10 + -45a1?
-45b1
In base 14, what is -ac0 - 1d?
-add
In base 11, what is -273 - -76?
-1a8
In base 8, what is 45 - -252?
317
In base 5, what is -23321 + 12?
-23304
In base 11, what is -4 + -5652?
-5656
In base 15, what is 1ba8 + -4b?
1b5c
In base 8, what is -64776 - 3?
-65001
In base 6, what is -1 + -10230455?
-10230500
In base 10, what is -1994 - 22?
-2016
In base 2, what is -10100 - 11110011111?
-11110110011
In base 8, what is -2 + 203313?
203311
In base 2, what is -100100011 - -11000?
-100001011
In base 12, what is 18b94 + 1?
18b95
In base 10, what is -9 - 1839?
-1848
In base 2, what is -10101010100 + -110101?
-10110001001
In base 16, what is -2d4 - -61b?
347
In base 8, what is -5426 + 16?
-5410
In base 13, what is 4a565 + 3?
4a568
In base 16, what is 38b + 1158?
14e3
In base 9, what is 20 - -74354?
74374
In base 2, what is 11100101001000 - -101101001?
11101010110001
In base 4, what is -102 + 30002210?
30002102
In base 9, what is -45 + 1287?
1242
In base 8, what is 45321 - -203?
45524
In base 13, what is 1 + -27088?
-27087
In base 9, what is 110668 - 2?
110666
In base 9, what is -5062018 + 2?
-5062016
In base 16, what is a3 - -351?
3f4
In base 11, what is 118 + -230?
-113
In base 14, what is 7 + 1752?
1759
In base 7, what is 323 - -462?
1115
In base 11, what is -3 - 49300?
-49303
In base 7, what is -120 - 10401?
-10521
In base 3, what is 20020210 + -1?
20020202
In base 12, what is 76 + 607?
681
In base 6, what is -11 - 10053?
-10104
In base 8, what is 4 - -13646?
13652
In base 6, what is -1150 + -4534?
-10124
In base 5, what is -1242123 - -1?
-1242122
In base 5, what is -33434010 - 2?
-33434012
In base 16, what is -16b36 - -1e?
-16b18
In base 15, what is -38e - 34?
-3c3
In base 10, what is -21 + -32532?
-32553
In base 2, what is -111101110001100 - 0?
-111101110001100
In base 2, what is 111101001011001 + 11?
111101001011100
In base 15, what is -60 + -100a?
-106a
In base 7, what is -36 + -12353?
-12422
In base 9, what is -838 - -72?
-756
In base 11, what is -32a74 - 0?
-32a74
In base 10, what is 9746 + 77?
9823
In base 5, what is 1134420221 + -1?
1134420220
In base 10, what is 7 + 12065?
12072
In base 4, what is -2 + -20333101?
-20333103
In base 8, what is 237 - -5775?
6234
In base 10, what is -4668 + 8?
-4660
In base 8, what is 6 + -23555?
-23547
In base 14, what is -499 - 665?
-b20
In base 16, what is b925 + -4?
b921
In base 4, what is 10 - -3020330?
3021000
In base 12, what is 116a - -9?
1177
In base 14, what is b1c + -53?
aa9
In base 11, what is -85 + -5621?
-56a6
In base 13, what is 680 + 2c?
6ac
In base 11, what is 7 - 391263?
-391257
In base 3, what is -12 - -110111200?
110111111
In base 3, what is 21110 - 220122?
-122012
In base 15, what is b56 - -8?
b5e
In base 8, what is 145 + 434?
601
In base 3, what is -102020020 + 0?
-102020020
In base 8, what is -6 - 73604?
-73612
In base 6, what is 4 + 152314?
152322
In base 11, what is 2 + 8724a?
87251
In base 5, what is 1 + 14441413?
14441414
In base 12, what is 17 - a3?
-88
In base 4, what is -131220 + -222?
-132102
In base 4, what is -103003012 + 3?
-103003003
In base 8, what is 23565 + 5?
23572
In base 12, what is -2 + 3a5b?
3a59
In base 11, what is -15 + a54a?
a535
In base 4, what is -3310 - -1002?
-2302
In base 10, what is -161 + -312?
-473
In base 12, what is 0 - 762b?
-762b
In base 7, what is 22654 - 13?
22641
In base 16, what is 2475a + 4?
2475e
In base 6, what is -231253 + 12?
-231241
In base 16, what is 30 + ad?
dd
In base 9, what is -21230 + 448?
-20671
In base 3, what is 10 - 100000201210?
-100000201200
In base 4, what is -12211311 - 10?
-12211321
In base 14, what is -3 +